{"id":103434,"date":"2024-06-03T07:48:58","date_gmt":"2024-06-03T07:48:58","guid":{"rendered":"https:\/\/sfizabelagajowska.dev10.pro\/?page_id=103434"},"modified":"2024-06-03T07:51:50","modified_gmt":"2024-06-03T07:51:50","slug":"nota-prawna","status":"publish","type":"page","link":"https:\/\/sfizabelagajowska.dev10.pro\/index.php\/pl\/nota-prawna\/","title":{"rendered":"Nota prawna"},"content":{"rendered":"\n<p class=\"has-text-align-center has-large-font-size\"><strong><strong>NOTA PRAWNA<\/strong><\/strong><\/p>\n\n\n\n<p class=\"has-text-align-center\"><a href=\"http:\/\/www.mortgage-protection-ig.co.uk\">mortgage-protection-ig.co.uk<\/a><strong>&nbsp;<\/strong><\/p>\n\n\n\n<p><strong>KIM JESTE\u015aMY<\/strong><\/p>\n\n\n\n<ol class=\"wp-block-list\">\n<li><strong>We are Supreme Financial Solutions Ltd jest wyznaczonym przedstawicielem The Openwork Partnership, nazw\u0105 nale\u017c\u0105c\u0105 do Openwork Limited, kt\u00f3ry jest autoryzowany i regulowany przez Financial Conduct Authority.<\/strong><\/li>\n\n\n\n<li><strong>Supreme Financial Solutions Ltd dostarcza rozwi\u0105zania i doradztwo w zakresie planowania finansowego za po\u015brednictwem do\u015bwiadczonych i wykwalifikowanych doradc\u00f3w z siedzib\u0105 w Wielkiej Brytanii.<\/strong><\/li>\n<\/ol>\n\n\n\n<p><strong>Dost\u0119p do naszej strony internetowej<\/strong><\/p>\n\n\n\n<p>Dost\u0119p do naszej witryny <a href=\"http:\/\/www.mortgage-protection-ig.co.uk\">mortgage-protection-ig.co.uk<\/a><strong>\u00a0<\/strong>\u00a0 jest dozwolony tymczasowo i zastrzegamy sobie prawo do wycofania lub zmiany us\u0142ug, kt\u00f3re \u015bwiadczymy na naszej stronie bez uprzedzenia. Nie ponosimy odpowiedzialno\u015bci, je\u015bli z jakiegokolwiek powodu nasza strona jest niedost\u0119pna w dowolnym momencie lub przez dowolny okres. Od czasu do czasu mo\u017cemy ograniczy\u0107 dost\u0119p do niekt\u00f3rych cz\u0119\u015bci naszej witryny lub ca\u0142ej naszej witryny do u\u017cytkownik\u00f3w, kt\u00f3rzy si\u0119 u nas zarejestrowali U\u017cytkownik jest odpowiedzialny za dokonanie wszelkich ustale\u0144 niezb\u0119dnych do uzyskania dost\u0119pu do naszej witryny. U\u017cytkownik jest r\u00f3wnie\u017c odpowiedzialny za upewnienie si\u0119, \u017ce wszystkie osoby, kt\u00f3re uzyskuj\u0105 dost\u0119p do naszej witryny za po\u015brednictwem jego po\u0142\u0105czenia internetowego, s\u0105 \u015bwiadome tych warunk\u00f3w i ich przestrzegaj\u0105.<\/p>\n\n\n\n<p><strong>Linki do innych stron internetowych&nbsp;<\/strong><\/p>\n\n\n\n<p>Nasza Us\u0142uga mo\u017ce zawiera\u0107 linki do stron internetowych lub us\u0142ug stron trzecich, kt\u00f3re nie s\u0105 w\u0142asno\u015bci\u0105 Supreme Financial Solutions ani nie s\u0105 przez ni\u0105 kontrolowane.<\/p>\n\n\n\n<p>Supreme Financial Solutions nie ma kontroli i nie ponosi odpowiedzialno\u015bci za tre\u015b\u0107, polityk\u0119 prywatno\u015bci lub praktyki stosowane na stronach internetowych lub w us\u0142ugach stron trzecich. Ponadto przyjmujesz do wiadomo\u015bci i zgadzasz si\u0119, \u017ce Supreme Financial Solutions nie ponosi odpowiedzialno\u015bci, bezpo\u015brednio lub po\u015brednio, za jakiekolwiek szkody lub straty spowodowane lub rzekomo spowodowane przez lub w zwi\u0105zku z korzystaniem lub poleganiem na takich tre\u015bciach, towarach lub us\u0142ugach dost\u0119pnych na lub za po\u015brednictwem takich stron internetowych lub us\u0142ug.<\/p>\n\n\n\n<p>Zdecydowanie zalecamy zapoznanie si\u0119 z warunkami i politykami prywatno\u015bci wszelkich odwiedzanych witryn internetowych lub us\u0142ug stron trzecich.<\/p>\n\n\n\n<p><strong>Zastrze\u017cenia<\/strong><\/p>\n\n\n\n<p>Materia\u0142y wy\u015bwietlane na naszej stronie s\u0105 dostarczane bez \u017cadnych gwarancji, warunk\u00f3w lub r\u0119kojmi co do ich dok\u0142adno\u015bci. W zakresie dozwolonym przez prawo, niniejszym wyra\u017anie wy\u0142\u0105czamy (a) wszelkie warunki, gwarancje i inne postanowienia, kt\u00f3re w przeciwnym razie mog\u0142yby by\u0107 dorozumiane przez ustaw\u0119, prawo zwyczajowe lub prawo s\u0142uszno\u015bci, oraz (b) wszelk\u0105 odpowiedzialno\u015b\u0107 za jakiekolwiek bezpo\u015brednie, po\u015brednie lub wt\u00f3rne straty lub szkody poniesione przez jakiegokolwiek u\u017cytkownika w zwi\u0105zku z nasz\u0105 witryn\u0105 lub w zwi\u0105zku z u\u017cytkowaniem,&nbsp; niemo\u017cno\u015b\u0107 lub skutki korzystania z naszej strony, wszelkich stron internetowych z ni\u0105 powi\u0105zanych oraz wszelkich materia\u0142\u00f3w na niej zamieszczonych. Nie ma to wp\u0142ywu na nasz\u0105 odpowiedzialno\u015b\u0107 za \u015bmier\u0107 lub obra\u017cenia cia\u0142a wynikaj\u0105ce z naszego zaniedbania, oszustwa lub jakiejkolwiek innej odpowiedzialno\u015bci, kt\u00f3rej nie mo\u017cna wy\u0142\u0105czy\u0107 ani ograniczy\u0107 na mocy obowi\u0105zuj\u0105cego prawa.<\/p>\n\n\n\n<p><strong>W\u0142asno\u015b\u0107 intelektualna<\/strong><\/p>\n\n\n\n<p>Ca\u0142a zawarto\u015b\u0107 strony internetowej, w tym mi\u0119dzy innymi logotypy, zastrze\u017cone znaki towarowe, teksty, zdj\u0119cia, obrazy, rysunki, modele lub wykresy, jest chroniona brytyjskim i mi\u0119dzynarodowym prawem w\u0142asno\u015bci intelektualnej. \u017badna z tre\u015bci nie mo\u017ce by\u0107 pobierana, kopiowana, reprodukowana, ponownie publikowana, zamieszczana, przesy\u0142ana, przechowywana, sprzedawana lub rozpowszechniana bez uprzedniej pisemnej zgody w\u0142a\u015bciciela praw autorskich.&nbsp;<\/p>\n\n\n\n<p><strong>Wirusy<\/strong><\/p>\n\n\n\n<p>Nie mo\u017cemy zagwarantowa\u0107, \u017ce nasza strona internetowa b\u0119dzie bezpieczna lub wolna od b\u0142\u0119d\u00f3w lub wirus\u00f3w. Nale\u017cy korzysta\u0107 z w\u0142asnego oprogramowania antywirusowego.<\/p>\n\n\n\n<p>Nie wolno niew\u0142a\u015bciwie korzysta\u0107 z naszych Us\u0142ug poprzez \u015bwiadome wprowadzanie wirus\u00f3w, koni troja\u0144skich, robak\u00f3w, bomb logicznych lub innych materia\u0142\u00f3w, kt\u00f3re s\u0105 z\u0142o\u015bliwe lub technologicznie szkodliwe. Nie wolno podejmowa\u0107 pr\u00f3b uzyskania nieautoryzowanego dost\u0119pu do naszych Us\u0142ug, serwera, na kt\u00f3rym przechowywane s\u0105 nasze Us\u0142ugi, ani \u017cadnego serwera, komputera lub bazy danych po\u0142\u0105czonych z naszymi Us\u0142ugami. Nie wolno atakowa\u0107 naszych Us\u0142ug poprzez atak typu &#8222;odmowa us\u0142ugi&#8221; lub rozproszony atak typu &#8222;odmowa us\u0142ugi&#8221;.<\/p>\n\n\n\n<p>Naruszaj\u0105c to postanowienie, u\u017cytkownik pope\u0142nia przest\u0119pstwo zgodnie z ustaw\u0105 o nadu\u017cyciach komputerowych z 1990 r. Ka\u017cde takie naruszenie zostanie zg\u0142oszone odpowiednim organom \u015bcigania i b\u0119dziemy wsp\u00f3\u0142pracowa\u0107 z tymi organami, ujawniaj\u0105c im to\u017csamo\u015b\u0107 u\u017cytkownika. W przypadku takiego naruszenia rejestracja u\u017cytkownika i prawo do korzystania z naszych Us\u0142ug zostan\u0105 natychmiast cofni\u0119te.<\/p>\n\n\n\n<p><strong>Jurysdykcja&nbsp;<\/strong><\/p>\n\n\n\n<p>Ta strona internetowa jest przeznaczona dla os\u00f3b powy\u017cej 18 roku \u017cycia, kt\u00f3re mieszkaj\u0105 wy\u0142\u0105cznie w Wielkiej Brytanii. Strona internetowa i informacje w niej zawarte nie powinny by\u0107 traktowane jako oferta lub zach\u0119ta do prowadzenia dzia\u0142alno\u015bci gospodarczej w jakiejkolwiek jurysdykcji innej ni\u017c Wielka Brytania. Strony te zawieraj\u0105 og\u00f3lne informacje na temat r\u00f3\u017cnych aspekt\u00f3w udzielanych przez nas porad dotycz\u0105cych us\u0142ug finansowych. Prosimy nie podejmowa\u0107 decyzji wy\u0142\u0105cznie na podstawie informacji zawartych na tych stronach. Skontaktuj si\u0119 z nami, aby uzyska\u0107 dalsze porady, kt\u00f3re umo\u017cliwi\u0105 Ci podj\u0119cie \u015bwiadomej decyzji w oparciu o Twoje indywidualne okoliczno\u015bci.<\/p>\n\n\n\n<p>29.04.2024<\/p>\n","protected":false},"excerpt":{"rendered":"<p>NOTA PRAWNA mortgage-protection-ig.co.uk&nbsp; KIM JESTE\u015aMY Dost\u0119p do naszej strony internetowej Dost\u0119p do naszej witryny mortgage-protection-ig.co.uk\u00a0\u00a0 jest dozwolony tymczasowo i zastrzegamy sobie prawo do wycofania lub zmiany us\u0142ug, kt\u00f3re \u015bwiadczymy na naszej stronie bez uprzedzenia. Nie ponosimy odpowiedzialno\u015bci, je\u015bli z jakiegokolwiek powodu nasza strona jest niedost\u0119pna w dowolnym momencie lub przez dowolny okres. Od czasu do&#8230;<\/p>\n","protected":false},"author":1,"featured_media":0,"parent":0,"menu_order":0,"comment_status":"closed","ping_status":"closed","template":"","meta":{"footnotes":""},"class_list":["post-103434","page","type-page","status-publish","hentry"],"_links":{"self":[{"href":"https:\/\/sfizabelagajowska.dev10.pro\/index.php\/wp-json\/wp\/v2\/pages\/103434","targetHints":{"allow":["GET"]}}],"collection":[{"href":"https:\/\/sfizabelagajowska.dev10.pro\/index.php\/wp-json\/wp\/v2\/pages"}],"about":[{"href":"https:\/\/sfizabelagajowska.dev10.pro\/index.php\/wp-json\/wp\/v2\/types\/page"}],"author":[{"embeddable":true,"href":"https:\/\/sfizabelagajowska.dev10.pro\/index.php\/wp-json\/wp\/v2\/users\/1"}],"replies":[{"embeddable":true,"href":"https:\/\/sfizabelagajowska.dev10.pro\/index.php\/wp-json\/wp\/v2\/comments?post=103434"}],"version-history":[{"count":2,"href":"https:\/\/sfizabelagajowska.dev10.pro\/index.php\/wp-json\/wp\/v2\/pages\/103434\/revisions"}],"predecessor-version":[{"id":103436,"href":"https:\/\/sfizabelagajowska.dev10.pro\/index.php\/wp-json\/wp\/v2\/pages\/103434\/revisions\/103436"}],"wp:attachment":[{"href":"https:\/\/sfizabelagajowska.dev10.pro\/index.php\/wp-json\/wp\/v2\/media?parent=103434"}],"curies":[{"name":"wp","href":"https:\/\/api.w.org\/{rel}","templated":true}]}}