{"id":103156,"date":"2023-08-17T07:03:31","date_gmt":"2023-08-17T07:03:31","guid":{"rendered":"http:\/\/localhost:10011\/?page_id=3"},"modified":"2024-06-03T07:51:13","modified_gmt":"2024-06-03T07:51:13","slug":"procedura-reklamacyjna","status":"publish","type":"page","link":"https:\/\/sfizabelagajowska.dev10.pro\/index.php\/pl\/procedura-reklamacyjna\/","title":{"rendered":"PROCEDURA REKLAMACYJNA"},"content":{"rendered":"\n<p class=\"has-text-align-center has-large-font-size\"><strong>PROCEDURA REKLAMACYJNA<\/strong><\/p>\n\n\n\n<p><strong>Supreme Financial Solutions Ltd jest wyznaczonym przedstawicielem The Openwork Partnership, nazw\u0105 nale\u017c\u0105c\u0105 do Openwork Limited, kt\u00f3ry jest autoryzowany i regulowany przez Financial Conduct Authority.<\/strong><\/p>\n\n\n\n<p><strong>Dok\u0142adamy wszelkich stara\u0144, aby zapewni\u0107 profesjonaln\u0105 obs\u0142ug\u0119 wszystkim naszym klientom.<\/strong><\/p>\n\n\n\n<p><strong>Skarg\u0119 mo\u017cna z\u0142o\u017cy\u0107 w dowolny rozs\u0105dny spos\u00f3b, w tym telefonicznie, listownie lub poczt\u0105 elektroniczn\u0105 (Reklamacje uproszczone)<\/strong><\/p>\n\n\n\n<p><strong>Nasze dane kontaktowe:<\/strong><\/p>\n\n\n\n<p><strong>Supreme Financial Solutions Ltd 101 Lockhurst Lane Coventry CV6 5SF<\/strong><\/p>\n\n\n\n<p><strong>Telefon: <a href=\"tel:07512823144\">07512823144<\/a><\/strong><\/p>\n\n\n\n<p><strong>E-mail: <\/strong><a href=\"mailto:kniaz.mateusz@gmail.com\"><strong>izabelagajkowska@gmail.com<\/strong><\/a><\/p>\n\n\n\n<p><strong>Je\u015bli wolisz, mo\u017cesz r\u00f3wnie\u017c skierowa\u0107 swoj\u0105 skarg\u0119 bezpo\u015brednio do firmy Openwork, korzystaj\u0105c z nast\u0119puj\u0105cych danych kontaktowych (Skargi formalne):<\/strong><\/p>\n\n\n\n<p><strong>Openwork Limited jest sp\u00f3\u0142k\u0105 zarejestrowan\u0105 w Anglii (numer sp\u00f3\u0142ki 4399725) z siedzib\u0105 pod adresem Auckland House, Lydiard Fields, Swindon SN5 8UB.<\/strong><\/p>\n\n\n\n<p><strong>Firma Openwork Limited jest autoryzowana i regulowana przez Financial Conduct Authority, numer rejestracyjny 408285.<\/strong><\/p>\n\n\n\n<figure class=\"wp-block-embed\"><div class=\"wp-block-embed__wrapper\">\nhttps:\/\/www.theopenworkpartnership.com\n<\/div><\/figure>\n\n\n\n<p><strong>W ci\u0105gu 8 tygodni skontaktuj\u0105 si\u0119 z Tob\u0105 w celu potwierdzenia wyniku dochodzenia.<\/strong><\/p>\n\n\n\n<p><strong>W ma\u0142o prawdopodobnym przypadku, gdy dochodzenie nie zostanie zako\u0144czone w ci\u0105gu o\u015bmiu tygodni od otrzymania skargi, napisz\u0105 do Ciebie, aby wyja\u015bni\u0107 dlaczego i poinformowa\u0107 Ci\u0119, kiedy mo\u017cesz spodziewa\u0107 si\u0119 od nich wiadomo\u015bci. Udziel\u0105 r\u00f3wnie\u017c szczeg\u00f3\u0142owych informacji o tym, jak skontaktowa\u0107 si\u0119 z Rzecznikiem Praw Obywatelskich ds. Us\u0142ug Finansowych, je\u015bli nie jeste\u015b zadowolony z post\u0119p\u00f3w.<\/strong><\/p>\n\n\n\n<p><strong>Je\u015bli po przeprowadzeniu dochodzenia przez Openwork nadal nie jeste\u015b zadowolony z wyniku, masz ustawowe prawo do skierowania skargi do Rzecznika Praw Obywatelskich ds. Us\u0142ug Finansowych.<\/strong><\/p>\n\n\n\n<p><strong>Jest to us\u0142uga bezp\u0142atna dla konsument\u00f3w, a Rzecznik Praw Obywatelskich ds. Us\u0142ug Finansowych (FOS) mo\u017ce skierowa\u0107 spraw\u0119 do Rzecznika Praw Obywatelskich ds. Us\u0142ug Finansowych (FOS) w ci\u0105gu sze\u015bciu miesi\u0119cy od daty otrzymania ostatecznej odpowiedzi na skarg\u0119.<\/strong><\/p>\n\n\n\n<p><strong>Mo\u017cesz skontaktowa\u0107 si\u0119 z serwisem, korzystaj\u0105c z nast\u0119puj\u0105cych danych:<\/strong><\/p>\n\n\n\n<p><strong>Telefon: 0800 023 4567<\/strong><\/p>\n\n\n\n<p><strong>E-mail: complaint.info@financial-ombudsman.org.uk<\/strong><\/p>\n\n\n\n<p><strong>Mo\u017cesz r\u00f3wnie\u017c odwiedzi\u0107 ich stron\u0119 internetow\u0105 i skierowa\u0107 do nich skargi online, odwiedzaj\u0105c:<\/strong><\/p>\n\n\n\n<figure class=\"wp-block-embed\"><div class=\"wp-block-embed__wrapper\">\nhttps:\/\/www.financial-ombudsman.org.uk\n<\/div><\/figure>\n","protected":false},"excerpt":{"rendered":"<p>PROCEDURA REKLAMACYJNA Supreme Financial Solutions Ltd jest wyznaczonym przedstawicielem The Openwork Partnership, nazw\u0105 nale\u017c\u0105c\u0105 do Openwork Limited, kt\u00f3ry jest autoryzowany i regulowany przez Financial Conduct Authority. Dok\u0142adamy wszelkich stara\u0144, aby zapewni\u0107 profesjonaln\u0105 obs\u0142ug\u0119 wszystkim naszym klientom. Skarg\u0119 mo\u017cna z\u0142o\u017cy\u0107 w dowolny rozs\u0105dny spos\u00f3b, w tym telefonicznie, listownie lub poczt\u0105 elektroniczn\u0105 (Reklamacje uproszczone) Nasze dane kontaktowe:&#8230;<\/p>\n","protected":false},"author":1,"featured_media":0,"parent":0,"menu_order":0,"comment_status":"closed","ping_status":"closed","template":"","meta":{"footnotes":""},"class_list":["post-103156","page","type-page","status-publish","hentry"],"_links":{"self":[{"href":"https:\/\/sfizabelagajowska.dev10.pro\/index.php\/wp-json\/wp\/v2\/pages\/103156","targetHints":{"allow":["GET"]}}],"collection":[{"href":"https:\/\/sfizabelagajowska.dev10.pro\/index.php\/wp-json\/wp\/v2\/pages"}],"about":[{"href":"https:\/\/sfizabelagajowska.dev10.pro\/index.php\/wp-json\/wp\/v2\/types\/page"}],"author":[{"embeddable":true,"href":"https:\/\/sfizabelagajowska.dev10.pro\/index.php\/wp-json\/wp\/v2\/users\/1"}],"replies":[{"embeddable":true,"href":"https:\/\/sfizabelagajowska.dev10.pro\/index.php\/wp-json\/wp\/v2\/comments?post=103156"}],"version-history":[{"count":2,"href":"https:\/\/sfizabelagajowska.dev10.pro\/index.php\/wp-json\/wp\/v2\/pages\/103156\/revisions"}],"predecessor-version":[{"id":103438,"href":"https:\/\/sfizabelagajowska.dev10.pro\/index.php\/wp-json\/wp\/v2\/pages\/103156\/revisions\/103438"}],"wp:attachment":[{"href":"https:\/\/sfizabelagajowska.dev10.pro\/index.php\/wp-json\/wp\/v2\/media?parent=103156"}],"curies":[{"name":"wp","href":"https:\/\/api.w.org\/{rel}","templated":true}]}}